 23348485 is divided by 1082?
7
What is the remainder when 1474442 is divided by 2251?
37
Calculate the remainder when 9727681 is divided by 15199.
321
Calculate the remainder when 15765 is divided by 11249.
4516
What is the remainder when 371762 is divided by 1916?
58
What is the remainder when 89240217 is divided by 3231?
3228
What is the remainder when 105765 is divided by 63?
51
What is the remainder when 32266 is divided by 89?
48
What is the remainder when 38999 is divided by 19372?
255
What is the remainder when 7277242 is divided by 909595?
482
Calculate the remainder when 17503969 is divided by 2270.
2269
What is the remainder when 6691976 is divided by 14208?
8
What is the remainder when 340032 is divided by 16191?
21
What is the remainder when 98770 is divided by 12070?
2210
What is the remainder when 26103922 is divided by 1003996?
26
What is the remainder when 8716369 is divided by 2905453?
10
Calculate the remainder when 995405578 is divided by 45.
43
What is the remainder when 159842 is divided by 8840?
722
Calculate the remainder when 10697913 is divided by 5.
3
Calculate the remainder when 242421609 is divided by 31.
28
What is the remainder when 6897133 is divided by 11457?
19
What is the remainder when 304840 is divided by 1113?
991
What is the remainder when 182825 is divided by 1235?
45
What is the remainder when 64099140 is divided by 67?
39
What is the remainder when 969540 is divided by 68?
64
Calculate the remainder when 2986 is divided by 262.
104
Calculate the remainder when 78629 is divided by 1229.
1202
Calculate the remainder when 10853115 is divided by 40346.
41
What is the remainder when 14078502 is divided by 1634?
1592
Calculate the remainder when 10173136 is divided by 5696.
80
Calculate the remainder when 8998492 is divided by 8998453.
39
Calculate the remainder when 14080709 is divided by 5399.
117
Calculate the remainder when 154080357 is divided by 24.
21
Calculate the remainder when 63574590 is divided by 1436.
1434
What is the remainder when 170940 is divided by 3120?
2460
What is the remainder when 63365 is divided by 31334?
697
Calculate the remainder when 7242892 is divided by 13640.
52
What is the remainder when 34872 is divided by 4350?
72
What is the remainder when 12941 is divided by 1138?
423
What is the remainder when 339496 is divided by 169745?
6
Calculate the remainder when 11192251 is divided by 3167.
73
What is the remainder when 1549934 is divided by 20945?
4
Calculate the remainder when 289095 is divided by 28905.
45
What is the remainder when 2756825 is divided by 66?
5
What is the remainder when 845615 is divided by 1545?
500
What is the remainder when 57761484 is divided by 657?
15
What is the remainder when 2045697 is divided by 2045670?
27
What is the remainder when 14353 is divided by 4771?
40
Calculate the remainder when 3663290 is divided by 523323.
29
What is the remainder when 10741181 is divided by 1104?
365
Calculate the remainder when 2823548 is divided by 24.
20
What is the remainder when 3324097 is divided by 151093?
51
What is the remainder when 1007166 is divided by 5995?
6
What is the remainder when 14300 is divided by 2019?
167
Calculate the remainder when 631890 is divided by 15524.
10930
What is the remainder when 3178345 is divided by 1586?
1
Calculate the remainder when 240779 is divided by 3118.
693
Calculate the remainder when 101267 is divided by 498.
173
Calculate the remainder when 1320641 is divided by 16105.
31
What is the remainder when 383121 is divided by 4452?
249
What is the remainder when 223822 is divided by 74601?
19
Calculate the remainder when 1401868 is divided by 38939.
64
What is the remainder when 3382016 is divided by 3083?
3048
What is the remainder when 194800 is divided by 4058?
16
What is the remainder when 625343 is divided by 14198?
631
Calculate the remainder when 288680 is divided by 880.
40
What is the remainder when 290379 is divided by 24186?
147
What is the remainder when 141031 is divided by 106?
51
What is the remainder when 128393 is divided by 32073?
101
What is the remainder when 3723869 is divided by 188?
153
What is the remainder when 1498929609 is divided by 85?
84
Calculate the remainder when 129157 is divided by 238.
161
What is the remainder when 372615618 is divided by 34?
30
Calculate the remainder when 2293976 is divided by 382328.
8
Calculate the remainder when 542660 is divided by 5158.
1070
What is the remainder when 500709 is divided by 160?
69
Calculate the remainder when 375567 is divided by 4367.
5
Calculate the remainder when 10409 is divided by 616.
553
What is the remainder when 38111 is divided by 37137?
974
What is the remainder when 8760998 is divided by 25103?
51
What is the remainder when 46377938 is divided by 36432?
2
Calculate the remainder when 1059629 is divided by 52897.
1689
What is the remainder when 515193 is divided by 284?
17
Calculate the remainder when 11027779 is divided by 212072.
35
Calculate the remainder when 17193133 is divided by 43417.
1
Calculate the remainder when 984213 is divided by 5774.
2633
Calculate the remainder when 31969 is divided by 7249.
2973
Calculate the remainder when 75491684 is divided by 15098332.
24
What is the remainder when 10931163 is divided by 30792?
3
What is the remainder when 2180893 is divided by 129?
19
What is the remainder when 107001691 is divided by 5631667?
18
Calculate the remainder when 4463356 is divided by 9035.
66
What is the remainder when 22361481 is divided by 7453758?
207
What is the remainder when 2761728 is divided by 537?
474
Calculate the remainder when 417924 is divided by 199.
24
Calculate the remainder when 16130 is divided by 2242.
436
What is the remainder when 3294710 is divided by 19267?
53
Calculate the remainder when 213612 is divided by 1696.
1612
What is the remainder when 579847 is divided by 289447?
953
Calculate the remainder when 1032705 is divided by 147508.
149
Calculate the remainder when 2580103 is divided by 25542.
361
What is the remainder when 9120209 is divided by 45601?
9
Calculate the remainder when 21416573 is divided by 64.
61
Calculate the remainder when 171949 is divided by 24.
13
Calculate the remainder when 264969 is divided by 213.
210
Calculate the remainder when 5064358 is divided by 361739.
12
What is the remainder when 1420936 is divided by 1673?
559
What is the remainder when 95586 is divided by 13646?
64
Calculate the remainder when 377295 is divided by 4601.
13
What is the remainder when 17003 is divided by 8235?
533
Calculate the remainder when 213403 is divided by 608.
603
What is the remainder when 1437853 is divided by 218?
143
What is the remainder when 168784197 is divided by 294?
267
Calculate the remainder when 85281 is divided by 7888.
6401
Calculate the remainder when 7182468 is divided by 175182.
6
What is the remainder when 8707107 is divided by 1661?
145
What is the remainder when 16757 is divided by 2642?
905
Calculate the remainder when 224806 is divided by 4407.
49
What is the remainder when 49905059 is divided by 24?
11
Calculate the remainder when 12229818 is divided by 1488.
1434
What is the remainder when 149325454 is divided by 1458?
10
What is the remainder when 2776898 is divided by 583?
69
Calculate the remainder when 2801 is divided by 199.
15
What is the remainder when 113406 is divided by 56658?
90
What is the remainder when 41916 is divided by 20260?
1396
Calculate the remainder when 537619384 is divided by 498.
496
Calculate the remainder when 666798 is divided by 763.
699
What is the remainder when 37297972 is divided by 43?
30
Calculate the remainder when 33598 is divided by 8120.
1118
Calculate the remainder when 2035713 is divided by 21.
15
What is the remainder when 798846 is divided by 99802?
430
Calculate the remainder when 1103382 is divided by 13.
7
What is the remainder when 13114028 is divided by 47?
41
Calculate the remainder when 134396 is divided by 1980.
1736
What is the remainder when 299393766 is divided by 26?
22
Calculate the remainder when 7533242 is divided by 53051.
0
What is the remainder when 1832292 is divided by 387?
234
Calculate the remainder when 256982 is divided by 3215.
2997
What is the remainder when 3534942 is divided by 1376?
13